*f - 35*f = 9. What is the greatest common factor of x and 44?
4
Suppose -1760 = -4*n + 1052. What is the greatest common divisor of 19 and n?
19
Let h(n) = 2*n**2 - 4*n + 1. Let d be h(2). Suppose -2*k = -4*w + d + 51, -2*k = -8. Calculate the greatest common divisor of 15 and w.
15
Suppose 16*m - 20*m = 3*j - 289, 2*j = -5*m + 202. What is the greatest common factor of j and 21?
7
Suppose -u - 24 = -2*c, 58 = 5*c + 10*u - 13*u. Let k be 684/7 + 4/14. Calculate the greatest common divisor of c and k.
14
Let r = -388 - -616. Calculate the highest common divisor of r and 57.
57
Let z = 23 - 14. Let v = -1191 + 1200. What is the highest common divisor of z and v?
9
Let t(k) = -34*k - 1. Let w be t(-4). Suppose -w = -v + 140. Suppose 2*c - 133 = -5*p, 4*c = 2*p - 3*p + 41. Calculate the highest common factor of p and v.
25
Let r = -61 + 69. What is the greatest common factor of r and 60?
4
Let z(f) = -f**2 - 22*f - 12. Let i be z(-19). Let m(c) = c**2 + 8*c - 2. Let r be m(-10). Calculate the highest common divisor of r and i.
9
Let v = 178 + -151. What is the greatest common factor of 351 and v?
27
Suppose -5*t + 357 = 3*v - 513, -4*t - 4*v = -704. What is the greatest common divisor of t and 38?
19
Let q be (-2)/6 + (-6)/(54/(-1047)). What is the highest common divisor of 29 and q?
29
Suppose -y - 2 - 1 = -5*n, 2*n - 3 = y. Let r be (-7 - y)*(1 + -3). Suppose -46 - 34 = -5*k. What is the greatest common divisor of k and r?
8
Let s = -83 + 68. Let a = 9 + 13. Let d = s + a. Calculate the greatest common divisor of d and 7.
7
Suppose -125 + 419 = 14*k. What is the highest common factor of k and 147?
21
Let q(k) = k**3 - 10*k**2 + 10*k - 10. Let o be q(9). Let l be ((-180)/(-2))/(1 - (o + 1)). What is the highest common divisor of 18 and l?
18
Let u = -54 - -77. What is the highest common factor of u and 1334?
23
Let d be (-1 - -1)*(-5)/5. Suppose -3*b + 2 + 79 = d. Suppose b = 2*l - 27. What is the highest common divisor of 3 and l?
3
Suppose -666 = -5*h - 2*u, 4*h - 3*u - 383 - 136 = 0. Let r = h - 52. Suppose 0 = 2*i - 14 - 6. Calculate the greatest common factor of i and r.
10
Let s(p) = p - 18. Let i be s(19). Let a be -2 + (i - 2)/((-3)/12). Calculate the greatest common factor of a and 5.
1
Suppose 3*j = -4*u + 784, 2*j = -2*u - 3*u + 532. What is the highest common divisor of j and 16?
16
Let f = 511 - 470. Suppose 5*n - 732 = 908. What is the highest common factor of f and n?
41
Suppose d = -0*d + 15. Suppose -209*j + 210*j - 15 = 0. Calculate the highest common factor of j and d.
15
Suppose -2*x - 2244 = -3*d, 2*x - 810 = -3*d + 1446. Calculate the greatest common divisor of d and 30.
30
Let h be (6 + (-560)/60)/((-4)/1530). Calculate the greatest common divisor of h and 85.
85
Let b(c) = 3*c**2 - 2*c + 8. Let y be b(-4). Suppose 52 = 6*j + 4. Calculate the greatest common factor of j and y.
8
Suppose 2*u - 2 = 0, -3*u + 213 = o + 4*o. Let r(k) = -35*k**2 + 2*k + 6. Let d be r(0). Calculate the greatest common divisor of d and o.
6
Suppose -4*i + 12*v + 27 = 11*v, 0 = 4*i + v - 21. What is the highest common factor of 69 and i?
3
Suppose 0 = n - c - 57, -n - 3*n + 222 = -2*c. What is the highest common divisor of 270 and n?
54
Let n be (-195 - -25)*(-3)/6. Calculate the greatest common factor of n and 935.
85
Let b(g) = 6*g**2 + 8*g + 39. Suppose 0 = 7*k - 13*k - 36. Let f be b(k). Calculate the highest common factor of 23 and f.
23
Suppose -h - 14 - 1 = 0. Let i be h/(-1 - (-3 + 3)). What is the greatest common divisor of i and 120?
15
Suppose 0 = 4*x - 99 + 27. Let f(g) = -2*g**3 + 13*g**2 + 43*g - 245. Let l be f(5). Calculate the highest common factor of l and x.
9
Suppose -3*t = -4*t + 4*z + 44, -63 = -2*t + 3*z. Calculate the highest common divisor of 84 and t.
12
Let b(q) = -q**3 + 16*q**2 + 19*q + 4. Let d be b(17). Let s = d - 33. Suppose 43 = s*i - 57. Calculate the greatest common factor of i and 60.
20
Let x = 148 + -127. Suppose -3*j = -6*j + 126. What is the highest common divisor of x and j?
21
Let f be (4/6)/(20/(-6870)). Let p = f + 102. Let k be 5/20 - p/4. What is the highest common factor of k and 8?
8
Let d = 14 + -10. Suppose 0 = -d*w + 3*w + 13. What is the highest common divisor of w and 26?
13
Let v be (2 - 2*-3)/((-10)/(-25)). Let i = v + -10. What is the highest common divisor of i and 50?
10
Let o = -394 + 570. Calculate the greatest common factor of o and 22.
22
Suppose -173 = -4*b + 7. Suppose 2*p - 6*p = 0. Suppose 4*u + u - 75 = p. What is the highest common divisor of u and b?
15
Let x(m) = m**3 - 14*m**2 - 16*m + 18. Let f be x(15). Suppose 38 = f*h - 28. Calculate the greatest common factor of 2 and h.
2
Suppose 709 = 3*u - 323. Suppose 774 + 172 = 22*j. What is the highest common divisor of u and j?
43
Suppose 0 = -2*i + d + 317, -3*i + 2*i + d + 161 = 0. Calculate the greatest common factor of 9 and i.
3
Let p be 2*(1 + (-4)/2) - -5. Suppose -2*v = 5*l - 116, 2*v = -p*l + 5*v + 57. Calculate the highest common divisor of l and 154.
22
Let d(n) = n**2 - 14. Let z be d(-4). Let u be (-2)/4*z - (-2 + -8). What is the highest common factor of 45 and u?
9
Let i(g) = -4*g + 144. Let d be i(34). What is the highest common factor of d and 1?
1
Suppose 9*z + 2*u = 4*z + 63, -2*z + u = -18. Suppose 13 + 53 = 2*t. What is the highest common divisor of z and t?
11
Suppose -d - 2*m + 1038 = 0, 110*m - 112*m = -2*d + 2046. Calculate the greatest common divisor of d and 8.
4
Let g(h) = h**2 - 8*h - 5. Let i be g(9). Calculate the greatest common factor of 152 and i.
4
Suppose n + 2*c = -80, 2*n = -2*n + 2*c - 350. Let q = n + 128. Suppose -k = 3*k - 84. Calculate the highest common factor of q and k.
21
Let y(r) = -4*r. Let x be y(7). Suppose 6*k + 76 + 98 = 0. Let f = x - k. What is the highest common factor of 4 and f?
1
Let j(f) = f**3 - 11*f**2 + 4*f + 4. Let a be j(12). Calculate the highest common divisor of a and 147.
49
Let n(o) = -o**3 + 4*o**2 - 2*o + 6. Let d be n(5). Let b = d + 45. Let z be b/12 + (-1792)/(-6). What is the greatest common divisor of 30 and z?
30
Let x be -392*5/(-5) - 0. Let w(y) = -3*y + 49. Let c be w(0). What is the greatest common divisor of c and x?
49
Let i(h) = -h**2 + 2*h + 2. Let u be i(5). Let k = -10 - u. Calculate the highest common divisor of k and 2.
1
Suppose 3*v + v - 200 = 0. Let j(q) = -q**2 - 5*q + 2. Let c be j(-4). Let z(d) = 2*d - 2. Let p be z(c). Calculate the highest common factor of p and v.
10
Let l(p) = -4*p - 30. Let w be l(-14). Calculate the highest common divisor of w and 208.
26
Let j = -38 + 45. Calculate the greatest common divisor of 133 and j.
7
Let y be (8/20)/1 + 133/5. What is the highest common divisor of y and 432?
27
Let j(g) = -17*g + 2*g**3 - 22*g**2 + 17*g**2 - g**3 + 25. Let i be j(7). What is the highest common divisor of i and 52?
4
Suppose 0 = 9*x - 4182 + 1608. What is the greatest common factor of 22 and x?
22
Suppose 342*c - 352*c + 2700 = 0. What is the highest common divisor of 720 and c?
90
Suppose 5*r - 3*l - 609 = 0, -5*r + 372 = -2*r - 4*l. Let n be 36/14*28/6. What is the greatest common factor of n and r?
12
Suppose 0 = -y + 3*z + 14, -2*y + 3*z + 56 = 2*y. Suppose -27*q = 7*q - 1904. Calculate the greatest common divisor of q and y.
14
Suppose -4 = -4*o, 60*o - 37 = -4*c + 55*o. What is the highest common divisor of 10 and c?
2
Suppose 15*i + 12*i = 108. Suppose 40 + 48 = 4*o. Suppose 2*n + 0*n = -4*g + o, 5*n - 61 = -i*g. Calculate the greatest common factor of n and 143.
13
Let h(w) = -7*w - 7. Let o be h(-6). Suppose -24*i - 3*k = -19*i - 184, 117 = 3*i + 4*k. Calculate the greatest common divisor of o and i.
35
Suppose 5*t = -4*t + 90. Let w(r) = r**2 + 6*r + 10. Let c be w(-10). Calculate the greatest common factor of t and c.
10
Let n = -34 + 50. Suppose -2*v - 13 = -l, -3*l + 5*v = 2*l - 40. Suppose 4*b = -5*i + 14, -l*b - 7 = -i - 4*i. What is the highest common divisor of i and n?
2
Suppose 4*n - 1022 = -590. Calculate the highest common factor of 189 and n.
27
Let b = -302 - -332. What is the greatest common factor of b and 24?
6
Let a = 1056 - 1032. Calculate the highest common factor of 8 and a.
8
Suppose 16*y = 55*y - 624. What is the greatest common factor of y and 80?
16
Let t be (19 - -66)/((-2)/(-4)). Wh